15236 - 22372. What is the thousands digit of r?
4
Let t(s) = 16 + 2*s - s - 5*s + s**2 - 6. Let l be t(3). What is the tens digit of ((-18)/(-4))/(l/(364/3))?
7
Suppose 2*l + 2*n = 208, 4*l = -2*n - 3*n + 412. Suppose -2*x = -6*x - 64. Let h = x + l. What is the units digit of h?
2
Suppose 4*k - 4*b = k + 25, 0 = -5*k - 2*b + 7. Suppose k*z = -18*z + 8673. What is the units digit of z?
3
Let i = 65070 + -40463. What is the tens digit of i?
0
Let l(z) = 1060*z + 935. What is the thousands digit of l(16)?
7
Let i(l) = 139*l**3 + l - 1. Suppose 1 = -2*b + 5. Let h be (78/30 - 2) + b/5. What is the units digit of i(h)?
9
What is the tens digit of -7 + (14 - (2 + -10897))?
0
Let n be 1554 - (16/(-20))/(8/20). Suppose -2 = -f, 0 = l + 2*f - 0*f - n. What is the hundreds digit of l?
5
Suppose 23*f - 2260628 = -126*f. What is the ten thousands digit of f?
1
Suppose 15 = 5*k + 10. Let r(s) = 224*s + 2. Let b be r(k). Suppose -b = -m - m - c, -2*m + 4*c = -236. What is the hundreds digit of m?
1
Suppose 10*n + 26*n = 143*n - 1315137. What is the hundreds digit of n?
2
Suppose -2*c + 11*w - 36 = 7*w, 0 = 2*w - 10. Let h(y) = 8*y**2 + 11*y + 32. What is the hundreds digit of h(c)?
4
Suppose -259 - 144065 = -3*v. What is the hundreds digit of v?
1
Let t be -90*(-3 + 3 - 74/6). Let u = -692 + t. What is the units digit of u?
8
Let f = 159 - 157. Suppose 13*r - 871 = -q + 15*r, f*r = 5*q - 4387. What is the tens digit of q?
7
Let w = -2110 + 11591. What is the thousands digit of w?
9
Let l(p) = 5*p - 23. Let x be l(-8). Let q be x/(-12) + 9/(-36). What is the units digit of (62 - 4) + -4 - q?
9
Let g(x) = -2 + 121*x**2 + 38*x**2 + x**2 - 5 + 5*x. What is the hundreds digit of g(2)?
6
Suppose -62*i + 272305 = -7*i. What is the tens digit of i?
5
Let t(i) = -45*i**3 - 18*i**2 - 3*i - 2. What is the hundreds digit of t(-3)?
0
What is the tens digit of 27/(-54) + (-279978)/(-4)?
9
Suppose -i + 9*i - 32 = 0. Suppose 0*t = -2*t - i. What is the tens digit of 70 + (t/6 - 12/(-9))?
7
Let k be (862/3 - -1) + 60/(-45). Suppose k = -7*v + 1799. What is the hundreds digit of v?
2
What is the ten thousands digit of ((-4237)/38 + -20)*-196?
2
Let q be (-15)/(-9 - -4) - -370. Suppose -2*d = 3*h - q, 4*h - 183 = -d + 1. What is the units digit of d?
8
Let k(m) = -m**3 + 59*m**2 - m + 62. Let d be k(59). Suppose -d*u - 5*v - 1691 + 6546 = 0, 0 = -u - v + 1617. What is the hundreds digit of u?
6
Suppose 10 = 2*m, -3*t - 8*m - 731 = -28545. What is the thousands digit of t?
9
Let s = -64 - -78. Suppose -s*g - 1848 = -17*g. What is the units digit of g?
6
Let g(k) = -1388*k - 22*k**3 + 4*k**2 + 2*k**2 + 1387*k - 6 - 4*k**2. Let s(u) = -u**3 + 4*u**2 - 4*u + 1. Let w be s(3). What is the hundreds digit of g(w)?
1
Let t(m) = 36150*m**2 - 335*m - 334. What is the tens digit of t(-1)?
5
Suppose -m = 5*m - 156. Suppose 3*u - m = -41. What is the units digit of (-4 - 4096/(-20)) + (-1)/u?
1
Suppose 0 = -3*w + x + 14890, 2*w + 2*x - 5976 = 3964. What is the hundreds digit of w?
9
Let q(j) = 892*j**3 - 4*j**2 + j + 2. Suppose 0 = -p + 5*k + 11, 0 = -11*p + 7*p - 4*k - 4. What is the tens digit of q(p)?
9
Let x(i) = -2*i**2 - 9*i + 3. Let v = 93 + -97. Let r be x(v). Suppose 11*y = r*y + 804. What is the units digit of y?
1
Suppose 121146 - 104057 = 20*q - 402751. What is the tens digit of q?
9
Let b be (0 + -1)*(16 - 67). Suppose -27252 = -b*v + 13599. What is the units digit of v?
1
Suppose 4*y = -9*t + 11*t - 50064, 4*t - 100136 = 4*y. What is the hundreds digit of t?
0
Suppose -21*t + 35*t - 11894 = 13782. What is the hundreds digit of t?
8
Suppose 27089 = 4*r - 5*s, 28*r + 6773 = 29*r - s. What is the units digit of r?
6
Suppose -i - 15*t + 5259 = -14*t, -5*i = -4*t - 26295. What is the units digit of i?
9
Let z be (-1 + -99)/((-5)/20). What is the units digit of z/35*(-7)/(-2)?
0
Let z(n) = 327*n + 487. What is the hundreds digit of z(19)?
7
Let m(z) = 1310*z**2 - z - 1. Let p be m(1). Let t = -775 + p. What is the tens digit of t?
3
Suppose -4*c + 3*g + 24 = 7*g, 4*c - 3*g = 3. Suppose -5467 = -8*y - c*y. What is the tens digit of y?
9
Let v(f) = -f**2 + 272*f + 159. What is the units digit of v(80)?
9
Suppose 3*q = -4*d + 19498, 1639 = -q + 3*d + 8147. What is the hundreds digit of q?
5
What is the units digit of (3/(-5))/((-171)/10409910)?
6
Suppose -i = -3*x + 226, -5*x - 1 = 9. Let z = 495 + i. What is the hundreds digit of z?
2
Suppose 14*j - 16*j - 14853 = -5*h, -j = -h + 2973. What is the units digit of h?
9
What is the hundreds digit of 5109312/(-128)*(-16)/6*3/4?
8
Suppose -57*d + 494217 + 741972 = -6*d. What is the hundreds digit of d?
2
Let n be 2 + (4 + -1)/1 + -1298. Let c = n + 1827. What is the hundreds digit of c?
5
Suppose 2*w + 5*i + 1555 = 0, -26 = 3*i - 11. Let d = w - -1445. What is the units digit of d?
0
Let v = -152 + 183. Suppose v*c - 24*c = 1295. What is the tens digit of c?
8
Let z be 20*(0 + (-126)/(-15)). Let j(b) = -2*b**3 - 21*b**2 + 20. Let s be j(-11). Let m = z - s. What is the tens digit of m?
2
Let u(n) be the first derivative of -7/3*n**3 + 8*n**2 - 1/4*n**4 - 7*n + 15. What is the units digit of u(-9)?
1
Suppose 2*u + 4*p - 192 = 0, p - 120 - 143 = -3*u. Let j = 511 - u. What is the units digit of j?
5
Let k = 107 + 130. Let y = k + -144. What is the tens digit of y?
9
Let a(i) be the first derivative of 5*i - 11 + 9/4*i**4 - 2/3*i**3 - 3/2*i**2. What is the units digit of a(3)?
1
Let v(y) = 16*y + 221. Let a(o) = 2*o - 1. Let g(h) = -5*a(h) + v(h). What is the hundreds digit of g(44)?
4
Let s(q) be the second derivative of q**4/4 + 41*q**3/6 + 29*q**2 - 132*q. What is the hundreds digit of s(-27)?
1
Let k = 8119 - 3981. What is the units digit of k?
8
Let z = 4277 - 740. What is the tens digit of z?
3
Let g be ((-598)/10)/((-29)/145). Suppose -g*m = -307*m + 5872. What is the tens digit of m?
3
Suppose 0 = -5*n - 0*i - 4*i + 174015, -2*n + 69618 = 4*i. What is the ten thousands digit of n?
3
Let w = 5052 + -1976. Suppose 4*b + 916 - w = 4*m, -5*b + 2692 = 3*m. What is the hundreds digit of b?
5
Let o(v) = 9*v**2 + v - 5. Let x be o(-4). Let p be -5 + (1*(-18)/3 - 60). Let b = x + p. What is the tens digit of b?
6
Let t(l) = -l - 38. Let w be t(17). What is the units digit of 10/w - 25758/(-99)?
0
Suppose 3*r + k = 84477, -4*r - 6*k + 112629 = -7*k. What is the units digit of r?
8
Let b(l) = 111*l**2 + 4 + 19 + 20*l - 98*l**2. What is the units digit of b(-8)?
5
Let b(j) = j - 1. Let w(s) = -20*s - 49. Let d(t) = 3*b(t) + w(t). What is the tens digit of d(-10)?
1
Suppose 100*n + 29*n + 21*n = 1701750. What is the hundreds digit of n?
3
Let s = 38114 + -20247. What is the tens digit of s?
6
Suppose -b + 8 = 2*j - 3, 0 = -4*j - 4*b + 16. Let a = 115 + j. Let f = a + -35. What is the tens digit of f?
8
Let j(d) be the third derivative of -d**6/120 - 4*d**5/15 - 37*d**3/3 + 11*d**2 - 3. What is the units digit of j(-17)?
5
Suppose -3*d + 2*f = -179, 4*d - 232 = -0*f - 4*f. Let y(u) = 124*u**2 + u. Let a be y(1). Let o = a - d. What is the units digit of o?
6
Let j be (((-12)/(-2))/(-6))/((-1)/181). Suppose -d - s = 4*s - j, -d - s = -161. What is the tens digit of d?
5
Let h = 5361 - -439. What is the thousands digit of h?
5
Let w be (-16 + 7)*(3 + 12/4). What is the tens digit of (-151)/(-6 - 318/w)?
5
Let s(b) = 5*b + 15*b + 67 + 3*b - 7*b. What is the tens digit of s(15)?
0
Let q be 2/(-6) + (-47)/3. What is the tens digit of 600*(0 + (-40)/q)?
0
Suppose -d + 263 - 257 = 0. What is the thousands digit of d + 24560/24 + (-1)/3?
1
Suppose 4*f = -0*m - 2*m - 54, 3*f + 4*m + 48 = 0. Let z be -1*(4 + -3) - f*2. Suppose 708 = z*r - 17*r. What is the tens digit of r?
1
Let w be (-120236)/6*(-3)/2. Suppose w = 28*o - 9533. What is the tens digit of o?
1
Suppose -17*m = -296809 - 147639. What is the hundreds digit of m?
1
Suppose 0 = -l + 45 + 45. Let y = 2195 - 2192. Suppose l = -y*i + 450. What is the tens digit of i?
2
Suppose -22*u + 16*u + 7806 = 0. Let q = u + -929. What is the tens digit of q?
7
Suppose -n = -0*n + 111. Suppose 2*j + 4*u - 49 - 311 = 0, 0 = -5*j - 5*u + 890. Let m = n + j. What is the units digit of m?
5
Suppose 17967 = k + 5*b, 2*b = -5*k - 21410 + 111429. What is the thousands digit of k?
8
Let k(w) = -w + 19. Let a be 